-9) - (15 + -11 + -10).
80
Evaluate (-35 + 1 - (-73 - (-58 + -24))) + 5.
-38
What is 0 - 2 - (-16 - (20 + (-2 - 16) + -30))?
-14
What is the value of 2 + 53 + (11 - 20) + -12 + (-1 - -5)?
38
2 + -1 + -1 + 1 + 33 + (12 - 59)
-13
Evaluate 57 + -108 + 20 + -17.
-48
Calculate (5 - -230) + (-187 - -48).
96
What is -116 + (-14 - 7 - -3 - -21 - -1)?
-112
What is the value of -21 - (29 - 9 - (59 + 3))?
21
Calculate -66 - (2 + (-9 + (26 - (-3 - -14)) - 5)).
-69
Calculate -93 + -1 + 131 + -122 - 5.
-90
What is the value of -12 + -7 + (-3 - -15) + 18 + 64?
75
Evaluate (-74 - (-12 - 29)) + 82 - -36.
85
Calculate -5 + 1 - ((-108 - (-53 - 56)) + 1 + -5).
-1
21 - (-6 + 20 + 7)
0
Calculate -81 - (-3 + -20 + (-2 - (3 + -14))).
-67
-8 + 2 - (92 - (247 - 69))
80
(-6 + 36 - 6 - 14) + -84 + 5 + -12
-81
Calculate 96 + 17 + -75 - (23 - 0).
15
What is the value of (154 - (1 - -20)) + (-13 - (-2 - -2)) + -6?
114
(112 - 112) + (4 + 0 - (54 + 25) - -1)
-74
Evaluate -16 + (69 - 39) - (5 + -5).
14
43 + -1 + (2761 - 2759)
44
What is the value of (-23 - (-11 - 11)) + -12 + -20 - 18?
-51
What is ((-11 - 21) + 22 - -26) + (-98 - (4 - -3))?
-89
Evaluate -2 + -60 + -740 + 771 - 33.
-64
Calculate (-3 - (3 + 9)) + (-31 - (-36 + 54)).
-64
2872 + -2780 - (146 + 3)
-57
What is -6 + (-15 - (12 - ((1 - -14) + 1) - -6))?
-23
What is -80 - (-41 + -50) - -52?
63
Calculate 2 + 18 + (-11 - 20) - (70 + -38).
-43
Calculate 7 + -2 + -23 + (-221 - -270).
31
31 + -15 - (-17 - (-7 - (2 - 2)))
26
Evaluate -71 + 6 + (-12 - (-43 - -21)).
-55
What is 40 + (9 - 0) + -78 + 47?
18
Evaluate 24 - (-19 - -33) - (68 + (5 - 12)).
-51
What is (-59 - -65) + (-1 - (-39 + 0)) - 10?
34
What is the value of -3 + -2 + -4 + 16 + (16 - 2)?
21
Calculate (-5 - (12 + (-2 - (-2 + 7)) - 12)) + -8.
-6
What is -25 + 5 + (-4 - (4 + 27))?
-55
Evaluate 3 + (-84 - (-38 + 27 + 43)).
-113
0 + (32 + 1 - 14) - -69
88
Evaluate 5 + -26 + -14 + 31 - -4.
0
Evaluate 26 - (-29 + -13 + 25 - -11).
32
Evaluate 59 - (-7 + 27 - -11).
28
What is 17 - (-4 - 11 - -2 - 2)?
32
What is 8 + 32 + 19 + 31 - (3 + -3 + -2)?
92
Evaluate 57 - (-39 - -44 - -23).
29
Calculate (174 - 162) + -17 + 19.
14
Calculate 721 + -722 - ((77 + 6 - 2) + 2).
-84
What is 13 + (3 - ((23 - -23) + 8))?
-38
What is the value of 321 + -362 + 48 + -10?
-3
Evaluate 3 + -73 - (170 + -224).
-16
Calculate 149 - (-5 - (-105 + 25)) - (14 - 1).
61
Calculate 142 + -121 + 23 + -64.
-20
What is (15 - 5) + (2 - (20 - 6)) + 49?
47
(-3 - 6) + -5 + 144 + -170
-40
What is (-1 - 7) + 1040 + -1077?
-45
Evaluate (-316 - -309) + (2 - -13).
8
Evaluate 62 + -116 + -24 + 44.
-34
Calculate 5 - 59 - (-6 - (0 - -18) - -32).
-62
What is the value of (-28 - (4 + -1 + -25)) + (30 - 1)?
23
Calculate 3 - (1 + -1 + -2 + 1 - (-795 - -713)).
-78
Calculate (-69 + 72 - -82) + -28.
57
Calculate -25 - -23 - (-19 - (5 + -8)).
14
What is the value of -114 + 100 - (15 - -8)?
-37
-6 + -3 + 28 + 5 - 6
18
What is the value of 23 + -12 + 1 - 4 - (11 - 1)?
-2
What is -18 - (13 + 27 + -66)?
8
(81 - 99) + 8 + -2 + 14
2
-23 - (54 + -120 - -124)
-81
Evaluate -3 + 6 + (-1 - (30 - 16 - 6)).
-6
What is the value of -277 + 340 + (-57 - (15 + -31))?
22
Calculate 84 + (-30 - 12) + -3 + -13.
26
Calculate -16 + 76 + -75 + (1 - -31).
17
Calculate -51 + 17 + -23 - -9.
-48
13 + (-12 - -10) + -6 + -4 + -26
-25
-97 + (133 + -145 - (-2 + -29)) + -41
-119
What is the value of -22 + (-97 - -27) + 81?
-11
21 + -89 + 49 + -3
-22
Evaluate -123 - (67 + 1 - 123).
-68
Calculate -2 + 28 - (140 - 128) - (51 + -3).
-34
What is (-44 - (-2 + (-12 - -19) - 6)) + -15?
-58
Evaluate -24 - -1 - (60 + -78 + -24).
19
Evaluate 15 + -2 + -55 + 42 + 52 + (-1 - 2).
49
What is the value of 0 + -55 - ((4 + 5 - 4) + 8 + -10)?
-58
-13 + 28 + -11 + -1 + -16
-13
What is -19 + 33 + 81 - (36 + -6)?
65
(41 - 12) + -15 + (-27 - -1) - 42
-54
What is -30 - -1 - (-276 - -301 - 9)?
-45
Evaluate (3 - -87) + (-9 - ((10 - 14) + 8) - -7).
84
-36 + 40 + -1 + -5 + -33
-35
Calculate (-88 - -91) + (-3 - -1).
1
(0 - -141) + -5608 + 5545
78
-3 + (-1 + 7 - (9 - (-15 + (8 - -18))))
5
10 - 1 - (-24 - -46 - -5) - -14 - -86
82
Evaluate (-17 - 10) + 33 - (37 - -32).
-63
(1 + 41 - (-1 + 0)) + (250 - (255 + -8))
46
Evaluate -195 + 228 - (46 - 3).
-10
Evaluate -24 + (15 - 4 - -1) + (3 + -14 - -1).
-22
What is the value of -13 + 8 + (43 - (22 - -24))?
-8
What is the value of (0 + 2 - 5) + 59 + (65 - (22 + 50))?
49
9 + (-60 - 5) + 7 + -1 - (-40 - -27)
-37
Calculate 39 - (-82 - -59 - -47).
15
Evaluate 21 - (77 - 37 - 31) - -2.
14
Evaluate -1 + -1 + (7 - (0 - -8)) - (-65 + 157).
-95
What is the value of (-34 + -4 - -4) + (114 - -6)?
86
(10 + -6 + 0 - 82) + 5 + (-4 - -14)
-63
What is 18 + (25 + 6 - 32) - (33 - 7)?
-9
Calculate 6 + (-3 - -6) - (5 + 18 + -22).
8
Calculate -10 + (38 - -6 - 24 - 60).
-50
Evaluate -158 - -134 - -13 - (3 + -2 - (-136 - 1)).
-149
What is (10 - (-7 - (-21 + 0)) - -13) + 28?
37
Evaluate 38 + 13 + 219 + -274.
-4
What is the value of (-5 - -46) + (7 - (23 + -2))?
27
What is -74 + (-33 - -139) + -24?
8
(-24 - 9 - 13 - -22) + -20
-44
What is the value of 15 - (24 - (-2 + 16)) - 28?
-23
-21 + 0 + -1 + 15 + -599 + 583
-23
Evaluate -66 - (-121 - -72 - 38).
21
Evaluate 28 + 56 + -94 + 1 + (6 - -89).
86
What is -26 - (13 + -35 + 24) - 8?
-36
-19 + (-14 - (-70 - 0)) + 15
52
(0 - (1 + -3)) + 19 - (2 + 0 + 4)
15
What is (-30 + -17 - (7 - (-2 + 14))) + -7 + 0?
-49
(-4 + -1 - -6) + -6 + 1 + -4 + -13
-21
Calculate (10 - 5) + -13 + (-10 - -14) + 9 + 9.
14
What is the value of -2 - -2 - (25 + 1 - 0) - (-6575 + 6572)?
-23
Calculate (31 - (-21 + 11)) + (89 - 26).
104
What is the value of -3 + -7 + (41 - (2 + 3)) + 13?
39
What is the value of (8 - (2 - -1)) + -3 + 0 + 4933 + -4925?
10
Calculate (-13 - (-10 - -2)) + 14 + -9 + -11.
-11
Evaluate -6 + -87 + 13 - -11.
-69
What is 77 + (54 - 30 - 75)?
26
What is 3 - 73 - (-302 - -294) - (1 - 4)?
-59
Evaluate 7 - (21 + -60) - 27.
19
Evaluate (18 - (-78 + 102)) + 14 + 0.
8
What is -2 + 10 + (-52 - -52) - 27 - -6?
-13
Evaluate 50 - (-21 + 39 + 20).
12
What is the value of 8 + 17 + -10 - 22 - -1?
-6
-38 - (-29 + 18 - 3)
-24
Evaluate -2 + 7 + (-126 - -62 - (-3 + -9)).
-47
Calculate 185 + (2 - -12) + -109.
90
Calculate (-18 - (9 - 17)) + (-1 - 2) + -14.
-27
Calculate -64 + 1 + 1 - (8606 + -8582).
-86
Calculate -33 + (-69 - -143) + 14.
55
Calculate (-6 - (-8 - (2 + -9))) + 4 - -4 - 2.
1
What is the value of -28 + -1 + (1346 - 1342)?
-25
(1 - 2) + (-25 - -1 - (-37 - -15))
-3
-24 + (8 - -3) + 6
-7
What is the value of -11 + (20 - (21 - 9) - -27)?
24
Calculate (12 + 2 - (-33 + 37)) + (-47 - 1).
-38
Calculate 8 + -15 + 9 + (-6 - 58) + 21 + -29.
-70
What is the value of (-27 - ((12 - 15) + -5)) + -14?
-33
Calculate -117 + 3 - (1457 - 1495).
-76
What is the value of 1 - 36 - (1 + -34)?
-2
What is -85 - (-335 + (-48 - -158))?
140
Evaluate (3 + 7 - -39) + -4 + 10 + (0 - 1).
54
111 + -8 + -5 + 0 - (12 - -1) - -2
87
What is -60 - (-17 + 6 + 15 + -4) - -6?
-54
Evaluate -77 + 10 - (17 + (-56 - -16)).
-44
What is the value of 4 - -170 - (2617 + -2523)?
80
Evaluate 3 - ((-23 - -9 - (-7 - -6)) + 3).
13
What is (-2 - (13 + (0 - -3))) + (-387 - -371)?
-34
What is -1 - ((2 - (9 - 11)) + 55 + -14)?
-46
Calculate -13 + -10 + -24 - (0 - 2).
-45
What is the value of (-63 - -43) + 75 - 32?
23
48 + 125 + -72 - 58
43
What is (0 - (-5 + (-2 - 25) - 5)) + (106 - 114)?
29
Calculate (5434 - 5451) + (2 + 0 - 38).
-53
Evaluate (35 - -23) + (35 + -25 - 9).
59
2928 + -3004 + 4 + 100
28
50 - (-2 + 0 + (3 - 7) + 22 + -9)
43
What is -50 + 50 + 42 + -78?
-36
What is the value of -40 + 13 + (62 - -27)?
62
Calculate (10012 - 10044) + (-3 - (2 + -1)).
-36
Calculate -1286 - -1237 - (7 + 13).
-69
29 + (-52 - -22 - 53)
-54
Calculate 19 - ((1 + -4 - (9 - 12)) + 1).
18
51 - ((-40 - -59 - (14 - 3)) + -19 - -10)
52
What is 15 + (32 - 36 - -13 - (2 + 154)) + -15?
-147
What is (47 - 98) + -39 - -36?
-54
Calculate 1 - -3 - (-47 + 6 - (0 + -5)).
40
What is the value of -21 + -2 - ((52 - 199) + 54)?
70
Evaluate (57 - 8) + -14 + -7 + 8.
36
What is the value of 17 + 16 + (-9 - -28) + 20 + 14?
86
-20 - (1 + 19 - (-163 + 192) - 6)
-5
What is the value of -21 + 18 + (-1 - 6) + 46?
36
What is the value of (-8 - ((16 - 7) + -11 + 8)) + 30?
16
Evaluate -30 - (-213 + 108 + (-2 - -32)).
45
Calculate -43 + (99 - 8